e 8?
1474645
522311 (base 6) to base 7
233335
-6189c (base 14) to base 15
-49931
What is 21001222000 (base 3) in base 2?
100001111111001100
Convert -11000110001010101010111 (base 2) to base 5.
-3130243102
Convert 34b44 (base 16) to base 12.
a4b18
2023322013 (base 4) to base 9
1063076
Convert -514344 (base 10) to base 4.
-1331210220
What is 1101101001011011010 (base 2) in base 5?
103302234
Convert 1140142110 (base 5) to base 16.
289f0b
What is 14045755 (base 10) in base 11?
7a23869
What is -b61078 (base 12) in base 9?
-5343742
Convert 16123646 (base 7) to base 13.
4247a8
What is -236d5 (base 15) in base 7?
-650141
What is -3640071 (base 8) in base 10?
-999481
Convert -51042450 (base 6) to base 4.
-11202201132
What is -15254421 (base 6) in base 14?
-dd60d
Convert -11100010100000101111010 (base 2) to base 15.
-9b9320
What is -19a4c2a (base 13) in base 12?
-2a02810
What is 200551 (base 8) in base 5?
4102042
-1531025 (base 6) to base 3
-11112222122
Convert 3278835 (base 10) to base 4.
30200133303
What is -13331002 (base 5) in base 14?
-379b3
19c8bc0 (base 13) to base 11
48a7325
What is 10100110011001111000011 (base 2) in base 10?
5452739
Convert -1212002212 (base 3) to base 11.
-25497
-1011110000101111100 (base 2) to base 12
-167050
What is 1121201210221 (base 3) in base 11?
538817
What is -1174636 (base 8) in base 2?
-1001111100110011110
What is -1689206 (base 10) in base 15?
-23578b
Convert -3ecb7f (base 16) to base 3.
-21202002011112
-9aa546 (base 14) to base 6
-304331414
What is 1017e (base 15) in base 11?
35326
Convert -33300010 (base 5) to base 13.
-a2392
What is 434344 (base 5) in base 14?
5658
What is 10111000111111000010100 (base 2) in base 8?
27077024
10100001101001010111 (base 2) to base 7
5425221
Convert -2c192 (base 13) to base 3.
-11020220202
2a930 (base 11) to base 8
125302
Convert -2330303 (base 4) to base 3.
-121120112
Convert -102100011221 (base 3) to base 14.
-5b4b5
What is 440eb (base 16) in base 6?
5550323
What is -1155305 (base 6) in base 4?
-33022121
What is -1872124 (base 9) in base 15?
-15b781
-149403 (base 10) to base 6
-3111403
Convert -2ff6d (base 16) to base 3.
-100222111100
Convert 2024161 (base 7) to base 4.
322332130
What is -440355 (base 7) in base 4?
-102303123
Convert -16186 (base 14) to base 2.
-1101011110011010
Convert -103131133 (base 4) to base 11.
-54985
-135311 (base 11) to base 16
-33c24
What is -1263836 (base 10) in base 12?
-50b478
Convert -265288 (base 9) to base 4.
-213121013
What is 1010011101010111010101 (base 2) in base 9?
5137832
What is 20d9c4 (base 16) in base 8?
10154704
What is -17a0123 (base 12) in base 16?
-4b4eab
Convert -41402 (base 11) to base 15.
-12d56
Convert 3346333 (base 7) to base 5.
101241301
What is 1001000111010010100 (base 2) in base 12?
1249b0
14030 (base 12) to base 15
8309
Convert -1b0baa (base 15) to base 6.
-44133541
Convert 60433206 (base 8) to base 11.
7203767
-5388694 (base 11) to base 10
-9469563
816032 (base 10) to base 2
11000111001110100000
-30324010 (base 5) to base 12
-ba0a9
Convert 674276 (base 8) to base 15.
4762d
Convert 432374 (base 10) to base 7.
3450365
-2010002001010 (base 3) to base 11
-6a8050
Convert -404596 (base 13) to base 8.
-5547620
What is 6008403 (base 9) in base 11?
1892339
What is 100000011101101101101110 (base 2) in base 15?
b31898
212202200 (base 5) to base 6
31121331
Convert -38685 (base 11) to base 7.
-320326
-125341332 (base 7) to base 16
-7afefe
-752262 (base 10) to base 15
-ecd5c
10330030 (base 4) to base 11
14227
What is -111111101010010 (base 2) in base 11?
-22541
What is -143121010 (base 5) in base 9?
-1368878
277510 (base 9) to base 8
513106
What is 1101001111101100 (base 2) in base 12?
27490
Convert 5351131 (base 6) to base 11.
16a958
22300424 (base 7) to base 8
7277333
62456 (base 15) to base 13
aba11
-32baa4 (base 13) to base 16
-1243c0
What is -1431003104 (base 5) in base 12?
-13174b9
What is -210131222 (base 4) in base 5?
-14234404
-112ecd (base 16) to base 6
-40045221
Convert -101111100111011000010110 (base 2) to base 12.
-421b506
-1522024 (base 8) to base 12
-18ba44
Convert -210012012111021 (base 3) to base 4.
-222331223113
12121013 (base 5) to base 15
23b23
186788 (base 12) to base 10
426200
Convert -2420322 (base 6) to base 12.
-616a2
Convert -1111011011001110101 (base 2) to base 4.
-1323121311
What is -121200221111 (base 3) in base 6?
-11013534
What is -42294 (base 16) in base 9?
-452656
Convert 12210201031 (base 4) to base 15.
24054a
Convert 859631 (base 13) to base 14.
5b8196
Convert 1002013 (base 8) to base 5.
31410204
Convert -44693 (base 10) to base 11.
-30640
-55301740 (base 8) to base 15
-109ea1b
-123233123 (base 5) to base 16
-930b0
What is 840db7 (base 14) in base 4?
101000213111
What is -462a2 (base 12) in base 3?
-11202120012
-30232212013 (base 4) to base 6
-155303051
Convert 200590 (base 12) to base 11.
310585
What is 1970295 (base 10) in base 14?
394075
Convert -1000111010100100000 (base 2) to base 12.
-121080
Convert 29bf0 (base 16) to base 14.
4645a
767aa (base 13) to base 10
214432
-a9bb8 (base 13) to base 12
-129a81
-111111011110011001011 (base 2) to base 8
-7736313
Convert 1111110001001100011 (base 2) to base 10.
516707
What is -2220210211 (base 3) in base 11?
-3a189
What is 35b3069 (base 12) in base 14?
155902d
10012002200 (base 3) to base 5
4002031
What is 2112044223 (base 5) in base 13?
bb4c7c
What is 91844b (base 14) in base 9?
10200701
Convert -ae19 (base 16) to base 7.
-243640
Convert -b193b (base 12) to base 14.
-6035d
646a8a (base 16) to base 14
c343c6
Convert -1062a6 (base 16) to base 2.
-100000110001010100110
2557481 (base 11) to base 7
52444513
4334113 (base 5) to base 12
36ba3
-1022001223 (base 4) to base 6
-10255431
What is 16580 (base 16) in base 9?
148478
What is -3c5350 (base 13) in base 3?
-2202120221121
-1122221030 (base 4) to base 6
-11542512
Convert 10111101000101100 (base 2) to base 16.
17a2c
What is 4003130 (base 5) in base 3?
10012022012
Convert -2219258 (base 10) to base 6.
-115322202
Convert 103032321130 (base 4) to base 16.
4cee5c
Convert 20333504 (base 6) to base 8.
2174220
What is 1302210 (base 13) in base 11?
33a098a
Convert 226810 (base 10) to base 5.
24224220
What is 1830c3 (base 14) in base 11?
53331a
What is -11012201001112 (base 3) in base 7?
-25010663
-2351421 (base 7) to base 14
-7a9b8
Convert -25426205 (base 9) to base 8.
-57461112
-14661543 (base 7) to base 14
-289bca
Convert -130432252 (base 6) to base 14.
-4a7168
What is 121565 (base 10) in base 13?
43442
-83181 (base 10) to base 6
-1441033
What is 344030552 (base 6) in base 15?
85642b
What is -321103301 (base 4) in base 11?
-1503a8
Convert 7781014 (base 9) to base 10.
4186660
Convert -12200221213 (base 4) to base 11.
-a66214
21102002002 (base 4) to base 13
672649
-1101122020201 (base 3) to base 10
-740845
Convert -1401204231 (base 6) to base 16.
-10140bb
9229d9 (base 16) to base 12
325b475
-605496 (base 10) to base 14
-11a93a
111201021010100 (base 3) to base 2
11011110011010001011111
-15027 (base 13) to base 14
-105d1
What is 11211211212 (base 4) in base 12?
5a7746
What is -3222120233 (base 4) in base 15?
-13e6d2
1526d2 (base 15) to base 11
637a38
201322332 (base 5) to base 11
501a42
What is 370820 (base 11) in base 4?
2033032012
10033233 (base 4) to base 7
101463
b5620d (base 16) to base 2
101101010110001000001101
Convert -3188526 (base 10) to base 14.
-5cdddc
Convert 50182 (base 15) to base 7.
2103662
304320444 (base 5) to base 13
34797a
19b126 (base 14) to base 2
11011111001000111110
388013 (base 9) to base 14
61b5d
What is 40a250 (base 14) in base 13?
5b3b88
-10112222002220 (base 3) to base 4
-13031022111
4112004 (base 5) to base 2
10000001111001000
What is -45396 (base 11) in base 3?
-10100002212
What is 2012221220012 (base 3) in base 5?
300231200
What is -1122253 (base 6) in base 5?
-3320221
Convert 48083 (base 11) to base 7.
406023
What is -1011101101011010111 (base 2) in base 5?
-44234303
4662233 (base 7) to base 13
177041
Convert -3967623 (base 10) to base 6.
-221012343
Convert -110814 (base 10) to base 15.
-22c79
-2e00e (base 16) to base 14
-4c954
Convert 6835463 (base 10) to base 8.
32046407
Convert 3566323 (base 7) to base 9.
761211
What is -a68611 (base 11) in base 12?
-6a5526
Convert -49c91 (base 14) t